q - 100*q - 3290. Determine p(q).
15
Let y(b) = -20*b - 23 + 36 - 18 + 44 + 42. Calculate y(3).
21
Suppose -q - 4 = -3*p, -3*p + 19*q = 15*q + 2. Let a(v) = 8*v**2 - v - 2. Give a(p).
28
Suppose -4*q - 20 = -5*u, -3 - 17 = 4*u + 4*q. Suppose 3*b - 12 = -0*k - 5*k, u = 3*k. Let z(r) = 1 + 0 + b*r - 11*r - 5*r. Calculate z(1).
-11
Let d(x) be the second derivative of 5*x**4/12 - 17*x**3/3 + 5*x**2/2 + 1194*x. Give d(7).
12
Let x(i) = i**2 + 19*i + 73. Suppose 8*p + 4*c + 40 = 0, -2*p + 18 = -4*c + 58. Calculate x(p).
-15
Let s(u) = u**3 + 2*u**2 - u. Let l(g) be the second derivative of -2*g**3 + 21*g**2 - 7*g. Let a be l(8). Let y = 52 + a. Give s(y).
2
Let g = -90 - -93. Let k be g*(-4)/(-8)*2. Suppose 3 = k*d - 0. Let n(q) = -3*q**3 + q**2. Calculate n(d).
-2
Suppose -5*d = -8*d. Let r(q) = -2*q**2 + d*q**2 - 9*q + 5*q + 4*q**2 + 2. Let k(m) = 5*m + 48. Let z be k(-9). What is r(z)?
8
Let k(p) be the third derivative of p**4/24 - p**3/3 + 7*p**2. Suppose 6*g = 7*g + 36. Let x = g + 36. What is k(x)?
-2
Let m(a) = -a**3 + 4*a**2 + 4*a + 4. Let w(v) = v**3 + v**2 - 11*v + 9. Let h be w(-4). Let g be m(h). Let i(b) = -b + 1. Calculate i(g).
2
Let c(j) = -14 - 9 + j - 8*j + 2*j**2 - 4*j. Let v be c(7). Let h(n) = 3*n**2 - n + 1. Calculate h(v).
15
Suppose -6*i + 2*i - 3*h - 169 = 0, 3*h - 31 = i. Let o = 43 + i. Let m(d) = -5*d + 11*d**3 - 1 - 6*d**o + 6*d. Determine m(1).
5
Let t be 36/3*770/1848. Let o be -1*5*12/(-30). Let r(y) = 4*y**2 - 4*y**3 + 3*y**3 + 0*y**o + 7*y - 5. Calculate r(t).
5
Let v(b) = -5*b**2 + 4*b + 3. Let t(f) = 14*f**2 - 69 + 7*f + 0*f**2 + 60 - 19*f. Let a(l) = 4*t(l) + 11*v(l). Determine a(4).
-3
Let n(v) = -v**3 + v**2 + 5*v - 3. Let b be 21/(-14)*(-2 + (-20)/(-12))*4. Determine n(b).
3
Suppose -4*n + 2*n = 0. Suppose 3*x + 0*x - 6 = n. Let d(v) = 258*v**2 - 256*v**2 + 172 - 171 - v**3. Give d(x).
1
Let c(x) = x**3 - 7*x**2 + 5*x + 12. Let a = 751 + -719. Suppose -123 = -a*r + 37. Calculate c(r).
-13
Let w(y) = -8*y**2 - 30222*y - 12 + 5 + 30224*y + 19 + 7*y**2. Let m be ((-12)/2)/(3/(-2)). Calculate w(m).
4
Let b = 21 - 19. Let i = -2 - b. Let q(f) = -17*f**2 - 19*f - 26. Let o(r) = -5*r**2 - 6*r - 7. Let c(y) = 7*o(y) - 2*q(y). What is c(i)?
3
Let h(i) = 2*i + 2. Let t(r) = -3 - 1588*r + 6 + 1591*r. Let u(o) = -8*h(o) + 5*t(o). Calculate u(6).
-7
Let q(d) = -47*d - 26 + 9*d + 1 + 44*d. Determine q(4).
-1
Let x(w) be the second derivative of 2*w**3/3 + 7*w**2/2 + 70*w + 21. Determine x(-5).
-13
Let q(t) = 910*t - 306*t - 6 - 302*t - 301*t. Determine q(19).
13
Let v(r) = 3*r**2 + 110*r - 542. Let m be v(-41). Let z(l) = l**3 + 9*l**2 - 8*l + 15. Determine z(m).
87
Let d = 9 - 5. Let w(j) = 2 + j - j**2 + j - d*j. Suppose 173*i + 520 = -172. Determine w(i).
-6
Let h(c) = 132*c**3 + 17*c**2 - 59. Let f(y) = -88*y**3 - 12*y**2 + 42. Let m(d) = -7*f(d) - 5*h(d). Determine m(-1).
44
Let g(f) = f**3 + 3*f**2 - 2*f + 3. Suppose -67*m + 71*m = -72. Let j be (-9)/m*(-60)/(-2). Let n be ((-21)/j + 1)*10. Calculate g(n).
-5
Let s(d) = -d**2 + d + 6. Let h = 63 + -51. Let f be (-2 - 1) + 7/(28/h). What is s(f)?
6
Let w(n) be the third derivative of n**6/40 - 3*n**5/20 - 5*n**4/24 + n**3/2 + 9727*n**2. Give w(4).
31
Let f(s) = s**2 + 1. Let y(l) = 13*l**2 + 3*l - 2. Let m(n) = -3*f(n) - y(n). Let v(b) = -19*b**2 - 3*b - 2. Let x(i) = -6*m(i) + 5*v(i). Calculate x(-4).
0
Let a = 9 + -6. Let g(x) = -3 - x**3 - 2*x**a + 5. Let q be ((-315)/(-126))/((-5)/(-4)). What is g(q)?
-22
Let f(b) = 9*b**3 - 72*b**2 + 14*b + 33. Let l(s) = 4*s**3 - 34*s**2 + 6*s + 16. Let q(m) = 3*f(m) - 7*l(m). Determine q(22).
-13
Let r(f) be the second derivative of -2*f**2 - 1 + 107*f + 7/6*f**3 - 1/12*f**4. Give r(6).
2
Let f(y) = 3*y - 5. Suppose 0 = r - 4*j - 6, r + 10*j - 12*j = 6. Suppose -14*g + 36 = -r. Determine f(g).
4
Let a(q) be the first derivative of 10*q**2 + 20*q - 8984. What is a(-2)?
-20
Let b(j) be the second derivative of 1/2*j**2 + 0 + 3*j + 1/20*j**5 - 1/4*j**4 - 1/6*j**3. Let q = -2395 - -2398. Determine b(q).
-2
Let m be (-2 + 7)/(-5 + 75/10). Let a(t) = -4*t**2 + 4*t**2 - 2 - m*t**2 + 3*t**2 + 4*t. What is a(0)?
-2
Let g(t) = -t + 9. Suppose -15 = 2*y - 7*y. Suppose 3*m - y*f - 9 = 0, 2*f + 3 + 3 = m. Suppose m = 4*p - 15 - 5. What is g(p)?
4
Let k(j) = -4*j + 15. Let i(y) = 3*y - 17. Let l(m) = -5*i(m) - 4*k(m). Let s(w) = -27*w**2 + 8*w - 1. Let g be s(1). Determine l(g).
5
Let w(l) = -5*l**2 + 87*l - 39. Let d(g) = -9*g**2 + 157*g - 78. Let v(c) = 6*d(c) - 11*w(c). Determine v(17).
-5
Let z = 21882 - 21883. Let o(d) = -d**2 + 0*d + 0*d - d**2. Calculate o(z).
-2
Let i(l) = -3 + l**3 - 2410*l - 2426*l + 4840*l - 5*l**2. Let h be (-3 + 1)/(2/(-4)). Determine i(h).
-3
Suppose 108 = -68*u + 244. Let a(j) = -2 - 3*j**2 + 6*j**2 - 2*j**3 + 3 - j. Calculate a(u).
-5
Let n(p) = p**2 - 34*p + 68. Let f be n(32). Suppose -190*v + 186*v = f. Let q(i) = 8*i. What is q(v)?
-8
Let h(f) = 5*f**3 + 10*f**2 + 6*f + 2. Let d(q) = -4*q**3 - 9*q**2 - 5*q - 1. Let a(p) = 4*d(p) + 3*h(p). Let o = 12222 + -12228. Calculate a(o).
14
Let x be (546/936)/((-3)/(-36)). Let u(d) = 21*d - 51. Determine u(x).
96
Let g be (-22)/8 + (-30)/120 + 5. Let l(x) = -3 + 724*x**2 + 722*x**2 - 1447*x**g + x. Determine l(0).
-3
Let t(r) = r - 4. Let d be t(-3). Let q(g) be the second derivative of 1/3*g**3 - 1/2*g**2 - 70 - g. Determine q(d).
-15
Suppose o = -4*v - 153, 4*v + 27 = -2*o - 123. Let t = -7 - v. Let l = t - 30. Let f(s) = 3*s**2 - s - 2. What is f(l)?
8
Let o(q) = 2*q + 1. Let g be o(1). Let z(i) = 554 + 559 + 549 - 2206 - 2*i + 548. What is z(g)?
-2
Let j(o) = -22*o - 205. Let g be j(-9). Let t(w) = -w**3 - 9*w**2 - 11*w - 1. Determine t(g).
-22
Let k(z) be the third derivative of -z**6/60 - 13*z**5/60 + 23*z**4/12 + 13*z**3/6 + 913*z**2 - z - 1. Give k(-9).
4
Let i = 487 + -368. Let t = 127 - i. Let l(v) = -v**3 + 7*v**2 + 9*v. Give l(t).
8
Suppose -1 = j, 25*p - 21*p - 5*j = 13. Let h(q) = -3 - 39*q + 2 - 2*q**p - 4 + 34*q. What is h(-5)?
-30
Let m(i) = -3*i - 6. Let q(w) = 6*w - 8*w + 5 - 3*w + 11. Let a be q(2). Give m(a).
-24
Let z(c) = -1 + 1 - 5 - 3 + 2*c. Suppose 4*h - 181 + 138 = -3*g, -7 = -h. Give z(g).
2
Let i(x) be the first derivative of -x**2 + 15 - 2*x + 4/3*x**3. Calculate i(3).
28
Let h(l) = -4*l - 26. Suppose -14 = 65*z - 63*z, -v = -z - 1. What is h(v)?
-2
Let i(r) = -r**2 + 5*r + 1. Let j(c) = c**2 - 4. Let z(q) = -i(q) - 2*j(q). Let v(n) = n**2 + 7*n + 4. Let s be v(-5). Determine z(s).
1
Let s(o) = -15*o - 11*o + o**3 - 13*o + 45*o - 4*o**2 - 2 - 2*o**3. Determine s(2).
-14
Let l be 50 + -44 - (2 + 0). Let r(c) = -4 + 4 + 9 + 2 - 2*c. Calculate r(l).
3
Let b(o) = 5*o - 1. Let y(k) be the second derivative of -3*k**3/2 + k**2 - k. Let n be (-2)/(-3)*(-189)/(-18). Let z(l) = n*b(l) + 4*y(l). Calculate z(-4).
5
Let b(p) = p**3 - 10*p**2 + 4. Let l be b(10). Let c be -1*(1 - l)/3. Let t be (7/(14/12))/c. Let z(x) = x**2 - 5*x - 6. What is z(t)?
0
Let b(n) = -2*n**2 - 8*n - 4. Suppose 5*o - 3*o - 2 = 3*h, 3*o - 5*h - 2 = 0. Suppose 306*z - 824 = 468*z - 265*z. Suppose z*w + 20 = o*w. Determine b(w).
-14
Let n(i) = -27 - i + 12 + 17. Suppose 0 = 3*c - 0*c - 2*u + 46, 5*c - u + 72 = 0. Let m = -7 - c. Give n(m).
-5
Let d(b) = b**2 - 14*b - 2. Let v be 48/(-256)*6*120/(-9). Calculate d(v).
13
Let m(p) = p + 11. Let a(h) = -34. Let x(t) = -10. Let n(g) = -2*a(g) + 7*x(g). Let j(r) = m(r) + 3*n(r). What is j(13)?
18
Let g(b) = 61*b**2 - 10*b - 15. Let x be g(4). Let a(t) = -928 + x - t + 0*t. Calculate a(9).
-16
Let m = -391 + 387. Let t(i) = 6*i**2 + 2*i + 11*i**3 - 25*i**3 + 2 + 4*i + 15*i**3. Determine t(m).
10
Suppose 3*j + 15 = 0, 3*j = p - 20 + 7. Let x(l) = 42*l - 22. Let f be x(7). Let r(c) = f - 272 - 4*c. Determine r(p).
8
Let l = -16 - -26. Let m be (-144)/(-30) - (-25)/125. Let r be l/m + -2 + 0. Let v(x) = -x - 4. What is v(r)?
-4
Let k be (((-49)/(-42))/(14/(-112)))/(1/(-3)). Let a(t) = t - 30. Determine a(k).
-2
Suppose f - 3 = -1. Let s(t) = -12*t - 30*t + 2 + 42*t + 2*t**3 + 2 + t**f. What is s(-3)?
-41
Suppose 4*s = i - 3, -2*s = 2*s + 4*i - 12. Suppose -16*v + 144 = -s. Let h(d) = -d**3 + 8*d**2 + 11*d - 11. Determine h(v).
7
Let o = -32 + 38. Suppose 0 = -b - q - o, b + 3*b + 2*q + 16 = 0. Let y(i) = -i - 2. What is y(b)?
0